at is the hundreds digit of m(26)?
7
Let v = 23 - 43. Let d be -5*(-2)/v*-4. Suppose d*c = m + 145, -3*m = 3*c + 2*m - 237. What is the tens digit of c?
7
Let m(r) = -r**3 + 7*r**2 + 17*r - 86. Let y be m(7). Suppose -y*k + 19809 = -27315. What is the hundreds digit of k?
4
What is the hundreds digit of (16064/20 + 2*(-4)/40)*7?
6
Let w(n) = n**3 - 4*n**2 + 2*n + 5. Let i be w(3). What is the units digit of (11/i)/((-5)/(-30))?
3
What is the ten thousands digit of (603/(-402))/(6/(-81716))?
2
Let i = -293 - 88. Let h = -264 - i. Let s = h + -115. What is the units digit of s?
2
Suppose -2*n + 23 = 5*j - 0*n, 5*n - 29 = -3*j. Suppose -4*f - 85 = -j*t, -2*t + 19 = -2*f - 41. What is the tens digit of t?
3
Let k be 15/(-90) - 91/(-6). What is the tens digit of (5 + -10)*(-477)/k?
5
Suppose -6*w - 817 = 899. Let u = w - -651. What is the hundreds digit of u?
3
Let w(g) = -g**3 + 10*g**2 - 8*g + 9. Let p be w(10). Let t = 61 + p. What is the hundreds digit of -8 - t - (141 - 0)*-1?
1
Suppose -4*a - 2071 = -8*a - 3*k, -4*k = -a + 532. Let j = a + 117. What is the tens digit of j?
3
Let k = -10315 + 13608. What is the units digit of k?
3
Suppose -126*r + 22*r + 4781400 = 0. What is the hundreds digit of r?
9
Suppose -125 - 20 = -29*f. Suppose 0 = 2*x + 3*d - 2465, f*d + 2 = -3. What is the tens digit of x?
3
Let m = 9721 + -6402. What is the hundreds digit of m?
3
Let z = -27321 - -56607. What is the ten thousands digit of z?
2
Let h(c) be the first derivative of c**4/4 - 13*c**3/3 - 7*c**2/2 - 2*c + 86. What is the tens digit of h(15)?
4
Let s(k) be the second derivative of k**5/20 + 25*k**4/12 + 11*k**3/2 - 3*k**2/2 - 66*k. What is the tens digit of s(-23)?
9
Let r(d) = 41 - 43 + 23 - d**2 - 25*d. Let i be r(-16). Suppose i = -2*u + 659. What is the hundreds digit of u?
2
Let c(b) = -b**3 + 16*b**2 - b - 9. Let o be c(11). Suppose o = 5*p - 265. Let y = p - 85. What is the tens digit of y?
8
What is the ten thousands digit of -790*6*(-18)/8?
1
Suppose 0 = 3*x + 5*p - 6223, 2*p = 4*x - 3*p - 8274. Suppose 793 = c + 2*w, -5*w + 1092 = 4*c - x. What is the units digit of c?
7
Suppose -23*f = -984491 + 260474. What is the ten thousands digit of f?
3
Let p(d) = 225*d**2 - 104*d - 130. What is the ten thousands digit of p(15)?
4
What is the units digit of (-36)/30 - -1 - 2013525/(-125)?
8
Let a be (0 + 0)*(-4 + 3) - -3. Suppose 88 = 4*i + 7*n - a*n, 0 = -2*i - 5*n + 53. Suppose -2*k = -5*v + 87, -5*k + 44 = 4*v - i. What is the tens digit of v?
1
Suppose -5*v + 25 = 5*d, -3*v + v - 39 = -5*d. Let y(r) = -16 + 286*r - 155*r + 9*r**2 - r**3 - 136*r. What is the tens digit of y(d)?
4
Let z = -12368 + 17826. What is the tens digit of z?
5
Suppose -2 = -v + 4*y, -4*v - 2*y - 2*y + 28 = 0. Let q(l) = 2*l - 12. Let w be q(v). What is the units digit of w - (1 + -5 - 11/(-11))?
3
Let i = 17162 + -10079. What is the units digit of i?
3
Suppose 8*n - 18 - 6 = 0. What is the hundreds digit of ((-29)/(-4))/(n - 71/24)?
1
Let s = -16 + 20. Suppose -3*y + 60 = -3*j, -30 = s*j - 3*j - 3*y. What is the tens digit of ((160/3)/5)/((-2)/j)?
8
Let u(g) be the second derivative of -4*g**3/3 - g**2 + 6*g. Let b be u(-1). What is the tens digit of 142/((-2 - b)/(-4))?
7
What is the tens digit of (-4)/(-160)*24 + (89871/15 - -1)?
9
Suppose 3*g - 7*g - r + 12 = 0, -2*r = -5*g + 2. Suppose 0 = g*t - 2*b - 500, -4*t + 804 + 205 = 5*b. What is the tens digit of t?
5
Suppose 0 = 2*d - 2*w + 3*w + 7, -3*d = -2*w + 7. Let q be 0/(-3 + 8 + -8). What is the units digit of (d - q)*(-19 + -2 + 2)?
7
Let w(j) = j**3 - j**2 + j + 492. Let q(h) = -491. Let g(z) = -3*q(z) - 2*w(z). What is the units digit of g(0)?
9
Let j be 5/(2*3/(-6)). Let d(a) be the third derivative of a**5/30 + 5*a**4/24 - a**3/2 + 16*a**2. What is the units digit of d(j)?
2
Let u = -141 - -207. Suppose v = u - 64. Suppose -4*j = z - 559, 2*j - v*z = -7*z + 275. What is the units digit of j?
0
Suppose -2*l - 3*i - 6519 = -18220, 4*l - 4*i = 23372. What is the hundreds digit of l?
8
Suppose 7*k - 16*k = -36. Suppose -77 - 25 = -2*i - k*v, i - 5*v = 16. What is the tens digit of i?
4
Let j(k) = -24 - 344*k + 2*k**2 + 679*k - 342*k. What is the units digit of j(10)?
6
Suppose -5*k + 4*b - 23 + 55 = 0, 0 = 4*k - 5*b - 22. Suppose -4745 = -13*m + k*m. What is the tens digit of m?
4
Suppose 5*s - 3642 = 3*l + 2689, -2*l = -3*s + 3799. Let i = s - 343. What is the units digit of i?
2
Let c(b) = 2*b**2 + 23*b - 645. What is the hundreds digit of c(-37)?
2
Let p(n) = -2*n**3 - 11*n**2 + 4*n - 9. Let q be p(-6). What is the tens digit of -3 + 507 + (-12)/q?
0
Suppose 345*j - 58158 = 336*j. What is the thousands digit of j?
6
Let q(r) = 428*r**2 + 95*r + 410. What is the units digit of q(-5)?
5
Suppose q = -4*o - 16 + 1, -2*o - 18 = 4*q. Let l = -221 - -121. What is the hundreds digit of 12/(o*2/l)?
2
Let q(v) = -116*v**3 + 198*v**2 + 1510*v + 7. What is the ten thousands digit of q(-8)?
5
Let s(w) = -4*w**2 - 7 + 4*w + 1 - 10 + 2. Let a be s(4). Let n = 109 + a. What is the tens digit of n?
4
Suppose 3*v + 852 = -5*o, -v + 876 = 38*o - 43*o. Let g = -470 - -83. Let u = o - g. What is the hundreds digit of u?
2
Suppose 27*w - 33*w + 468 = 0. Suppose 5*v = 3*k - w, 5*v + 36 = k - 0. What is the tens digit of k?
2
Suppose -6*o + 3260 = -274. Let a = -389 + o. Let h = -105 + a. What is the tens digit of h?
9
Let j(h) = -2*h**2 + 3*h + 21. Let k be j(3). What is the units digit of k/36 - (-9640)/6?
7
Let n = 485 + -466. Let o(s) = 10*s + 73. What is the hundreds digit of o(n)?
2
What is the hundreds digit of (1 + -4)/(21/(-38752))?
5
Let t(w) = w + 26. Let n be t(-16). What is the hundreds digit of (-79596)/(-55) + 8/n?
4
Let t(s) = 48*s**2 + 24*s - 8. What is the hundreds digit of t(9)?
0
Suppose -633*p + 8258790 = -267*p. What is the tens digit of p?
6
Let r be 3/(4/1*54/(-288)). What is the tens digit of (-22)/(-4)*852/(-24)*r?
8
Let l(v) = 6*v**2 + v + 1. Let t be l(-1). Let a be (-10)/(-4) + 3/t. Suppose -6*d - a*h = -d - 389, -15 = -5*h. What is the units digit of d?
6
Let i be ((-2)/(-9)*48)/((-8)/(-12)). Let f be ((-2)/(-9))/(i/288). Suppose s + 467 = 4*s - f*z, 0 = 5*s - 5*z - 780. What is the tens digit of s?
5
Let b(o) = 6*o**2 + 277*o - 1150. What is the thousands digit of b(-89)?
1
Let m be 4/(-1) - (-1)/((-5)/(-15)). Let a be 2/(-2)*61*(m - 0). Let w = a - 29. What is the tens digit of w?
3
Let n be 1380/(-40)*(-18 + 0). Suppose 3*b - 3*g = n, -2*g - 2*g = -5*b + 1033. Suppose -b = -7*p + 26. What is the units digit of p?
3
Let r(o) = o**3 + o - 50. Let s be r(0). Let z be ((-9)/(-15))/(10/1350). Let u = s + z. What is the units digit of u?
1
Let j(x) be the first derivative of -10*x**3/3 + x**2/2 - 2*x + 3. Let o be j(1). Let f(a) = a**3 + 10*a**2 - 12*a + 21. What is the units digit of f(o)?
2
Suppose -15*l = 378*l + 7712429 - 23008775. What is the ten thousands digit of l?
3
Let y(x) = -1287*x - 3 + 1288*x + 7*x**2 + 7. Let g be y(-3). Let c = g + -38. What is the units digit of c?
6
Let v = -11087 + 35792. What is the ten thousands digit of v?
2
Suppose -52 + 46 = 2*c. Let u(f) = 17*f**2 - 8*f - 10. What is the tens digit of u(c)?
6
Let o be (-79815)/(-34) + 6/(-4). Let q = 4148 - o. What is the thousands digit of q?
1
Suppose -11*t = -82 + 16. Suppose -t*b + 2590 + 2606 = 0. What is the units digit of b?
6
Suppose 37*r = 9*r. Suppose r = -2*d - x + 1885, 2*d - 2*x - 3782 = -2*d. What is the units digit of d?
4
Suppose -6 = -4*k - 2*x, 5*k - 25 = 7*x - 6*x. Suppose -5*i + 2755 = -3*j - 2365, 4*j = -k*i + 4096. What is the tens digit of i?
2
Let a = 93 - 73. Suppose a*w - 10*w = 6840. What is the hundreds digit of w?
6
Let d be 12/((-12)/(-4)) - (-3 - 3). Let g(m) = -m**3 + 12*m**2 + 14*m - 42. What is the hundreds digit of g(d)?
2
Suppose -5*x + 2*s + 35035 = 0, -x + 7*s - 4*s + 7020 = 0. What is the thousands digit of x?
7
Suppose 6*k = 19*k + 26. What is the units digit of (-24)/8 + (k - -1*655)?
0
Let i be (-4)/(12/(-15))*(5 + -104). Let w = i + 701. Let b = 381 - w. What is the tens digit of b?
7
Let o be (0 + 19)*(25 + -1). Suppose -h = h - o. Suppose 9*u - h = -39. What is the tens digit of u?
2
Suppose 2073862 + 158192 = 99*n. What is the hundreds digit of n?
5
Suppose 63 = -4*q - 349. Let g = q - -424. S